1*c - 2*c**3 + 3 + 3*c**2 + 3*c**3 - 105*c + 48*c. Give j(m).
-1
Let s(o) = 1398*o + 3 - 696*o - 700*o. Determine s(-2).
-1
Let w(q) = -11295 + q - 11300 + 22594. Let c(h) = -h - 6. Let y be c(-11). What is w(y)?
4
Let x(j) be the third derivative of -j**4/8 - j**3/3 - 23*j**2 - 5. Determine x(-7).
19
Let j(z) be the first derivative of 13*z**5/20 - z**4/12 + 21*z + 16. Let i(q) be the first derivative of j(q). Calculate i(-1).
-14
Suppose 0 = 2*m - 5*m + 15. Let i(j) = -4*j - 2. Let d(z) = -8*z - 4. Let c(w) = m*i(w) - 2*d(w). Determine c(3).
-14
Let f(o) = o**3 + 4*o**2 + 9*o - 1. Let n(y) = -y**3 - 3*y**2 - 10*y + 1. Let p(i) = -5*f(i) - 4*n(i). Let l = -2 - 5. Determine p(l).
-13
Let w(k) = 2*k**2 - k + 1. Let v be w(1). Let j be 4/v + -1*1. Let c(x) be the first derivative of 2*x**4 - x**3/3 + x**2 - x - 10. Determine c(j).
8
Let t(k) be the first derivative of k**4/4 + 4*k**3/3 + k**2/2 - 4*k - 128. Let y be 1 - (2 - -2)*-2. Let p be -1*12/y*3. What is t(p)?
-8
Let r(g) = -16*g**3 + g**2 - g. Let c be -2 + (-76)/(-24) + (-6)/36. What is r(c)?
-16
Let p = 361 - 367. Let f(c) = c**3 + 7*c**2 + 5*c + 1. Give f(p).
7
Let s(t) = -5*t**3 - 46*t**2 - 38*t - 19. Let b(i) = -i**3 - 9*i**2 - 7*i - 4. Let q(u) = -11*b(u) + 2*s(u). Give q(-7).
-1
Let p(g) = 222*g**2 + 14*g - 504*g**2 + 30 + 283*g**2. Determine p(-11).
-3
Let n be ((-6)/4)/(6/(0 + -12)). Let b(w) = -w + 4. Calculate b(n).
1
Let r(h) = h**2 - 2*h - 12. Let u = -2624 + 2622. Determine r(u).
-4
Let s(g) = -g**2 - 4*g**2 + g**2 + 6*g**2 - 4*g - 4*g**2. Give s(-3).
-6
Let m(k) = -15*k + 4. Let s(t) = -2*t. Let v(a) = -m(a) + 4*s(a). Calculate v(-3).
-25
Let m(c) = c**2 + c**2 + 4*c**2 + 2*c - 1. Suppose 128*d = 131*d - 18. Suppose -7*s + d*s + 1 = 0. Determine m(s).
7
Suppose 728*b - 708*b + 80 = 0. Let n(o) = -o**3 - 4*o**2 + 2*o + 12. Calculate n(b).
4
Let k(p) = 0*p**3 - 2*p**2 - 4*p**3 + 3*p - 2*p. Let a(o) = -o**3 + 7*o**2 + 9*o - 7. Let n be a(8). Calculate k(n).
-5
Let f(x) = -x**3 + 3*x**2 + 4*x - 2. Let y be f(4). Let q(p) = 4*p**2 + 6*p. Let v(b) = -b + 1. Let i(g) = y*v(g) - q(g). Give i(-2).
-10
Let l(w) = -2*w**2 - 14*w - 11. Let o be l(-5). Suppose -5*s = -2*s - o. Let i(h) = h**3 - 3*h**2 + 4*h - 2. Determine i(s).
10
Suppose -2 = g, -4*v - 2 = -8*v + 3*g. Let d(h) = -13*h. Give d(v).
13
Let h(f) be the third derivative of -f**5/60 + 11*f**4/24 - f**3/2 - 158*f**2 - 2. Give h(8).
21
Let y(p) = -p - 7. Let k(l) = -l**2 + 22. Let r be k(5). Give y(r).
-4
Let g(j) = 6*j + 2*j + 3*j. Let q = -11 + 8. Let y be -4*q/72*6. What is g(y)?
11
Let l be 1/((-9 + 6)/(-3)) - 6. Let y(t) = 5*t**2 + 8*t + 5. Let h(s) = 11*s**2 + 17*s + 11. Let k(b) = 4*h(b) - 9*y(b). Calculate k(l).
-6
Let n(c) = c**3 - 5*c**2 + 4*c + 4. Let y be 3/2*40/15. Suppose -7 + 23 = y*f. Let p be n(f). Let r(b) = b**2 - 2*b - 2. What is r(p)?
6
Suppose 0 = -5*b + 7 + 28. Let p(y) = -7*y**3 + 20*y**2 - 5*y - 14. Let c(k) = 15*k**3 - 42*k**2 + 10*k + 30. Let f(d) = -6*c(d) - 13*p(d). Determine f(b).
-12
Let q = -31 + 33. Let i(o) = o**2 - 281*o + 5*o**q + o**3 + 1 + 280*o. Let x = -13 - -7. What is i(x)?
7
Let v(z) = -z**2 - 12*z - 4. Let g be v(-6). Let d = 29 - g. Let x(j) = 2*j + 4. Determine x(d).
-2
Let s(k) be the first derivative of -4 + 6*k - 17*k**2 - 4 - 2*k + 16*k**2. Determine s(4).
-4
Let v(n) = -n - 5. Let x(d) = -d**3 - 6*d**2 - 8*d + 5. Let f be x(-4). Let c(z) = -3*z - 9. Let o(u) = f*v(u) - 2*c(u). Determine o(-5).
-12
Let j(l) = 3*l + 3*l - 3*l**2 - 113 + 122 + 4*l**2. Give j(-6).
9
Let z(b) = -4*b**2 + 8*b + 1. Let p(r) = 3*r**2 - 7*r - 1. Let n(v) = 3*p(v) + 2*z(v). Let k = 2512 + -2507. Give n(k).
-1
Let n(z) be the first derivative of z**2/2 + 4*z - 18. Let s(v) be the third derivative of v**4/8 + v**3/6 - 2*v**2. Let h be s(-2). Give n(h).
-1
Let p = -3 + 1. Let v(w) = 3*w - 5. Determine v(p).
-11
Let q(a) = 2*a - 8. Let l be q(7). Let u(o) = -17 + 5 + 2919*o - 2918*o. Calculate u(l).
-6
Let t(n) = n**3 + 6*n**2 - 7. Let c be t(-5). Let u(s) = 2*s - 7. Let z be u(-4). Let k = c + z. Let r(i) = -i**2 + 2*i + 1. Give r(k).
-2
Let i(w) = w**3 - 2*w**2 - 3*w. Let d = 4 + -23. Let z = d - -22. What is i(z)?
0
Suppose 0 = -3*y + 19 - 13. Let w(z) = -2 + y*z - 1 + 0. Give w(6).
9
Let w(r) = 7*r**2 - 3 - 8*r + 15*r**2 + 2 - 5*r**2 - 18*r**2. Let d(y) = -4*y**2 + 0 + 1 + y**3 - 7*y + 3. Let o be d(5). Calculate w(o).
11
Let n(k) = -3*k**3 - k**2 + 2*k + 2. Let m be n(-2). Let q(y) = 1 + 15*y**3 - 4*y + 2*y + 2*y**2 - m*y**3. Determine q(1).
-2
Let s(r) be the second derivative of -2*r + 2/3*r**3 - 1/12*r**4 - 1/20*r**5 + 0 - 1/2*r**2. Let x be (138/115)/(18/(-45)). Calculate s(x).
5
Suppose 16*m = 4 + 28. Let l(r) = -r**3 + 4*r + 1685*r**2 + 1 - 4 - 1689*r**m. Let o(t) = -t**2 + 5*t - 5. Let p be o(5). Give l(p).
2
Let x(a) = 4*a**3 - 1. Let p be -1 - (17/(-3) + 34/51). Let h(z) be the second derivative of -z**3/6 + 3*z**2/2 - 2*z. Let u be h(p). What is x(u)?
-5
Let k(f) = -6 + 13*f + 10*f - 21*f. Let y(v) = v - 4. Let c(j) = 5*k(j) - 8*y(j). Calculate c(4).
10
Let u = 7 + -2. Let r(y) be the third derivative of -y**7/2520 + y**6/144 - y**5/24 - 11*y**4/24 - 2*y**2. Let t(f) be the second derivative of r(f). Give t(u).
-5
Let q(i) be the third derivative of -i**5/30 + 5*i**4/24 + 7*i**3/6 + 69*i**2 + 2. Calculate q(-3).
-26
Let t(p) be the second derivative of 0 - 19*p - 1/6*p**3 - 9/2*p**2. Give t(-8).
-1
Let x(n) = 4*n - 3. Suppose 29 = -6*d + 5. Let h = d - -7. Calculate x(h).
9
Suppose 0 = 3*y - 105 - 54. Let c = -49 + y. Let h(r) = r + 5. Calculate h(c).
9
Let y = 148 + -137. Let q(z) = z**2 + 3*z**2 - 9*z**2 + 4*z**2 - y*z - 8. Give q(-7).
20
Let l(r) = 22*r - 8. Let q(i) = -19*i + 7. Let y(c) = -6*l(c) - 7*q(c). Let f(a) = 2*a + 4. Let j be f(-5). Calculate y(j).
-7
Let m(g) = -g**2 + g - 1. Suppose -3*x + 8 = 4*f, 3*f - 5 = -x - 4. Let u(d) = 0*d**2 + 14*d - 3*d - 5*d**2 - 4. Let w(s) = f*u(s) + 6*m(s). Calculate w(-2).
4
Let j = -2 + 5. Let f(i) = 10*i - i - 4 - i**j + 0*i**3 + 4*i**2 - 4*i. Give f(5).
-4
Let c(x) = x**2 + x - 2. Let d be c(-4). Let y(z) = -z + 2. Calculate y(d).
-8
Let j(s) = -s + 2 - 10 - 3*s**2 + 2*s**2. Let k = 4008 - 4008. What is j(k)?
-8
Let t be 1*(120/(-25) + 3/(-15)). Let y(v) = -v**2 - v + 1. Let z(f) = -6*f**2 - 5*f - 6. Let q(k) = t*y(k) + z(k). Calculate q(0).
-11
Let n be (6/(-2) + 3)*1. Suppose -5*v + r - 4*r + 10 = n, 0 = 5*v - 3*r - 10. Let j(k) = 3*k**2 - v + 2*k**2 + 1 + k**3 + 3*k. Determine j(-3).
8
Let y(u) be the second derivative of u**5/10 + 7*u**4/12 + 2*u**3/3 - 5*u**2/2 - 274*u. What is y(-4)?
-37
Let c(s) = -3*s**2 - 3*s + 6. Let j be c(-2). Let u(k) be the second derivative of 2*k - 4/3*k**3 - 1/2*k**2 + j. Calculate u(1).
-9
Let d(p) = -4*p**3 + p**3 - 5*p**2 + 4*p**3 - 7*p + 5. Suppose -3*f = s - 19 - 2, 0 = -2*s + 3*f + 51. Let i be s/(-10)*15/(-6). Give d(i).
-1
Let d = 11 - 1. Suppose 3*m + 8 = m. Let y = m + d. Let a(f) = -f + 1. Determine a(y).
-5
Let y(g) be the first derivative of g**2/2 - 3*g + 1. Let n be (0 + -1*(-3 + 4))*-2. Suppose n*c - 12 = 4*l, 3*c - 7 = 4*l + 5. Give y(l).
-6
Let h(d) = d**3 - 9*d**2 + 6*d + 14. Suppose -5*m + 4*b + 52 = 0, 7*m = 4*m + 5*b + 39. Determine h(m).
-2
Let k(n) = -n**2 + 15*n - 3. Suppose -75*l + 71*l + 60 = 0. Give k(l).
-3
Let k(x) = 10*x + 2*x - 10*x - 3*x. Calculate k(-1).
1
Let r(d) = -3*d**3 - d. Let w(v) be the third derivative of -v**5/60 - 11*v**4/24 - 3*v**3/2 + 9*v**2. Let g be w(-10). What is r(g)?
-4
Let g(u) = -u**2 + u + 2. Let s(k) = 4*k**2 - 7*k - 8. Let y(a) = -6*g(a) - s(a). Calculate y(-3).
11
Suppose 6*g - 4*g - 8 = 0. Let m(c) = -4 + g + c - 5 + 0. Determine m(3).
-2
Let o(a) = 56*a - 14*a**2 + 63*a - 118*a. Determine o(1).
-13
Let v(p) = 3*p - 4. Suppose -2*h - 17 = 3*l, 2*h + 0*l = l + 3. Let s(t) = -t. Let x(b) = h*v(b) + s(b). Let u be (-2 + -1)*4/(-3). What is x(u)?
-12
Suppose 2037 = 4*y + 3*y. Let l(d) = 2 - 2*d - y*d**2 + 4*d + 292*d**2. Give l(-2).
2
Let g(l) = 15*l**2 - 3*l + 1. Let z(m) = -17*m**2 + 4*m - 1. Let r(a) = 5*g(a) + 4*z(a). Let f(k) = k**3. Let v be f(-1). Determine r(v).
7
Let l = -28 - -4. Let b be 3/(l/10) + (-3)/(-12). Let x(w) = -8*w**3 - 2*w - 1. What is x(b)?
9
Let o(j) be the first derivative of -4*j**2 - 100. Give o(-1).
8
Let f(x) = x**3 +